3476 is divided by 9.
8
What is the remainder when 3624 is divided by 158?
148
Calculate the remainder when 2493 is divided by 2341.
152
Calculate the remainder when 26018 is divided by 400.
18
What is the remainder when 17031 is divided by 17019?
12
Calculate the remainder when 39630 is divided by 7921.
25
Calculate the remainder when 147198 is divided by 14.
2
Calculate the remainder when 328350 is divided by 2691.
48
What is the remainder when 1154015 is divided by 10?
5
Calculate the remainder when 742818 is divided by 82534.
12
What is the remainder when 19937 is divided by 407?
401
What is the remainder when 14777 is divided by 4899?
80
What is the remainder when 634236 is divided by 227?
225
What is the remainder when 36403 is divided by 63?
52
Calculate the remainder when 491 is divided by 54.
5
Calculate the remainder when 4003970 is divided by 116.
114
What is the remainder when 1343226 is divided by 396?
390
What is the remainder when 45355 is divided by 428?
415
What is the remainder when 83730 is divided by 22?
20
Calculate the remainder when 5506 is divided by 1317.
238
What is the remainder when 369171 is divided by 123056?
3
Calculate the remainder when 342 is divided by 300.
42
What is the remainder when 3087 is divided by 399?
294
Calculate the remainder when 4129 is divided by 3213.
916
Calculate the remainder when 1434 is divided by 708.
18
Calculate the remainder when 69794 is divided by 9908.
438
What is the remainder when 371689 is divided by 268?
241
What is the remainder when 375047 is divided by 221?
10
What is the remainder when 9675 is divided by 358?
9
What is the remainder when 445 is divided by 143?
16
What is the remainder when 328049 is divided by 33?
29
Calculate the remainder when 34354 is divided by 109.
19
Calculate the remainder when 19414 is divided by 511.
507
Calculate the remainder when 11787 is divided by 2909.
151
Calculate the remainder when 621401 is divided by 333.
23
Calculate the remainder when 501256 is divided by 176.
8
What is the remainder when 332639 is divided by 189?
188
What is the remainder when 10536 is divided by 10522?
14
What is the remainder when 6951 is divided by 868?
7
What is the remainder when 37244 is divided by 18605?
34
What is the remainder when 478938 is divided by 3236?
10
Calculate the remainder when 3453 is divided by 230.
3
What is the remainder when 16292 is divided by 58?
52
What is the remainder when 57001 is divided by 26?
9
What is the remainder when 90959 is divided by 161?
155
Calculate the remainder when 5745 is divided by 3.
0
Calculate the remainder when 638845 is divided by 319421.
3
Calculate the remainder when 45395 is divided by 9077.
10
Calculate the remainder when 37185 is divided by 10.
5
Calculate the remainder when 1683 is divided by 196.
115
Calculate the remainder when 23310 is divided by 2414.
1584
What is the remainder when 289255 is divided by 12?
7
Calculate the remainder when 90905 is divided by 278.
277
What is the remainder when 97173 is divided by 87?
81
Calculate the remainder when 8229 is divided by 211.
0
What is the remainder when 6135 is divided by 125?
10
What is the remainder when 9747 is divided by 102?
57
Calculate the remainder when 1999 is divided by 476.
95
Calculate the remainder when 258537 is divided by 10.
7
What is the remainder when 1209783 is divided by 132?
3
What is the remainder when 216670 is divided by 135?
130
What is the remainder when 165307 is divided by 23614?
9
What is the remainder when 283652 is divided by 29?
3
What is the remainder when 2808 is divided by 1399?
10
Calculate the remainder when 40700 is divided by 667.
13
What is the remainder when 6663 is divided by 2125?
288
What is the remainder when 2560 is divided by 104?
64
What is the remainder when 30687 is divided by 165?
162
What is the remainder when 1989 is divided by 203?
162
What is the remainder when 232221 is divided by 123?
120
What is the remainder when 20483 is divided by 2556?
35
Calculate the remainder when 502 is divided by 190.
122
What is the remainder when 638347 is divided by 24?
19
Calculate the remainder when 445346 is divided by 622.
616
What is the remainder when 6744 is divided by 748?
12
Calculate the remainder when 65501 is divided by 2519.
7
What is the remainder when 2749 is divided by 72?
13
What is the remainder when 27793 is divided by 1266?
1207
Calculate the remainder when 1560072 is divided by 55.
52
What is the remainder when 72202 is divided by 22?
20
Calculate the remainder when 699360 is divided by 18.
6
What is the remainder when 69910 is divided by 72?
70
Calculate the remainder when 15117 is divided by 94.
77
What is the remainder when 4337 is divided by 167?
162
Calculate the remainder when 792 is divided by 196.
8
What is the remainder when 451 is divided by 222?
7
What is the remainder when 84083 is divided by 84?
83
Calculate the remainder when 3878 is divided by 1872.
134
What is the remainder when 197513 is divided by 517?
19
Calculate the remainder when 25754 is divided by 32.
26
What is the remainder when 32304 is divided by 197?
193
Calculate the remainder when 2359413 is divided by 8.
5
What is the remainder when 1398 is divided by 906?
492
What is the remainder when 9929 is divided by 1407?
80
What is the remainder when 914 is divided by 47?
21
Calculate the remainder when 1428 is divided by 795.
633
Calculate the remainder when 251444 is divided by 494.
492
What is the remainder when 22799 is divided by 2278?
19
What is the remainder when 114080 is divided by 1056?
32
Calculate the remainder when 2163 is divided by 276.
231
Calculate the remainder when 1113367 is divided by 6.
1
What is the remainder when 16354211 is divided by 114?
113
Calculate the remainder when 21291 is divided by 736.
683
Calculate the remainder when 842 is divided by 47.
43
What is the remainder when 449108 is divided by 9?
8
Calculate the remainder when 106676 is divided by 4637.
25
Calculate the remainder when 7561 is divided by 1887.
13
What is the remainder when 130282 is divided by 188?
186
What is the remainder when 134 is divided by 62?
10
What is the remainder when 137089 is divided by 749?
22
Calculate the remainder when 782139 is divided by 1111.
1106
What is the remainder when 1411 is divided by 31?
16
Calculate the remainder when 544125 is divided by 19.
3
Calculate the remainder when 1265 is divided by 304.
49
What is the remainder when 604 is divided by 225?
154
Calculate the remainder when 80431 is divided by 40215.
1
What is the remainder when 1313 is divided by 57?
2
What is the remainder when 16278 is divided by 741?
717
What is the remainder when 783498 is divided by 71?
13
What is the remainder when 298615 is divided by 108?
103
Calculate the remainder when 1212883 is divided by 606440.
3
Calculate the remainder when 453 is divided by 338.
115
Calculate the remainder when 890564 is divided by 837.
833
Calculate the remainder when 7016 is divided by 877.
0
What is the remainder when 5831 is divided by 426?
293
What is the remainder when 16310 is divided by 8?
6
What is the remainder when 480925 is divided by 97?
96
Calculate the remainder when 1250952 is divided by 5.
2
Calculate the remainder when 3102 is divided by 1019.
45
Calculate the remainder when 131075 is divided by 7710.
5
Calculate the remainder when 133070 is divided by 16.
14
What is the remainder when 285176 is divided by 128?
120
What is the remainder when 9209 is divided by 66?
35
What is the remainder when 6813 is divided by 460?
373
What is the remainder when 723 is divided by 497?
226
What is the remainder when 30847 is divided by 15420?
7
Calculate the remainder when 193613 is divided by 3796.
17
What is the remainder when 23795 is divided by 411?
368
What is the remainder when 7075 is divided by 24?
19
What is the remainder when 5650 is divided by 291?
121
What is the remainder when 137457 is divided by 68727?
3
Calculate the remainder when 81238 is divided by 40612.
14
What is the remainder when 11478 is divided by 67?
21
Calculate the remainder when 4479479 is divided by 51.
47
Calculate the remainder when 14107 is divided by 1581.
1459
What is the remainder when 17678 is divided by 80?
78
What is the remainder when 25763 is divid